 = c - o. What is the tens digit of r?
9
Suppose 9570 = 4*y - 2*d, 351*y - 5*d = 353*y - 4791. What is the thousands digit of y?
2
Suppose 39*b - 1610 = 71*b - 39*b. What is the tens digit of b?
3
Let x(j) = 2*j**2 + 6*j - 20. Let h be x(3). Suppose h*u - 13999 = 8641. What is the thousands digit of u?
1
Let r(s) = s**2 - 22*s - 3. Let n be r(-6). Suppose 4*l = -t - 25 - 82, 3*t - 3*l = -336. Let k = t + n. What is the tens digit of k?
5
Let k = 135 + -141. What is the tens digit of k/(-4) - (2274/(-4))/3?
9
Let b = -78 - -82. Suppose w - 186 = -4*a, -b*a + 17 - 437 = -2*w. What is the tens digit of w?
0
What is the hundreds digit of 4400 - (40/(-12) + 2/(-3))?
4
Suppose 6*u = 292 - 34. Suppose -48*v + u*v = -1925. What is the tens digit of v?
8
Let a be (69/2)/((-4)/8). Suppose 34 = -35*v + v. What is the units digit of ((-26)/(-6) - 3)/(v/a)?
2
Suppose -3*w + 3 = 0, -2*u - 3*u - 4*w = -34. What is the hundreds digit of ((-4)/10)/(20/(-4325))*u?
5
Let w(t) = t**3 - 3*t + 2. Let m be w(1). Let z(x) = -5*x + 0*x - 6*x**2 - x**3 + 0*x + m*x + 1. What is the units digit of z(-7)?
5
What is the thousands digit of 5 - (-43144)/4 - (-6 - -15)?
0
Let z be ((-2994)/(-4))/(2 - 25/20). Suppose u - z = 2*a, 722 + 4232 = 5*u + 2*a. What is the units digit of u?
2
Let f(c) = 29*c - 21 - 17*c - 11*c. Let l be f(6). Let j(s) = 2*s + 36. What is the units digit of j(l)?
6
Let x(j) = 953*j + 105. Let g be x(5). Suppose 4*z - 294 = g. What is the units digit of z?
1
Let x(r) be the first derivative of -4*r**3 - 4*r**2 + 6*r + 19. Let u be x(9). What is the tens digit of u/(-9) + -3 + 4/6?
1
Suppose 491*a - 539*a + 1903296 = 0. What is the hundreds digit of a?
6
Let m = -180 + 182. Suppose m*q - 3*q + 275 = 4*v, 261 = q - 3*v. What is the hundreds digit of q?
2
Suppose 11*h + 41882 = 97*h. What is the hundreds digit of h?
4
Let v = -597 + 593. Let n(m) = -296*m - 283. What is the units digit of n(v)?
1
Let l(o) = 25*o + 247. Let g(n) = -13*n - 123. Let m(b) = -13*g(b) - 6*l(b). What is the units digit of m(27)?
0
What is the thousands digit of (-44723)/(-6) + (-91)/(-78)?
7
Let s(h) = 7710*h**3 + 4*h**2 + 8*h - 11. What is the hundreds digit of s(1)?
7
What is the units digit of -1*(-2701)/(-1)*(1 - 23)?
2
Suppose -119*y = -91*y + 9912. Let f = 1077 + y. What is the hundreds digit of f?
7
Suppose 0 = 4*x - 3*b - 31153, 31161 = -3*x + 7*x + 5*b. Suppose x = 5*o + 1209. What is the thousands digit of o?
1
What is the ten thousands digit of (-6 - 60/(-9))*182679/2?
6
What is the ten thousands digit of (-13228)/7*532/(-114)*18/8?
1
What is the hundreds digit of 3/(-18) - (439206/48)/((-15)/20)?
2
Let d(p) = -66*p - 1758. What is the units digit of d(-81)?
8
Let j = -1528 + 9055. What is the units digit of j?
7
Let q = -667 + 671. Suppose q = -4*v, -3*y + 3240 = 5*v + 1031. What is the hundreds digit of y?
7
Let i = 14010 + 26915. What is the thousands digit of i?
0
Let o = -3 - -93. Let v = o - -44. Suppose 0 = 2*h - 4*s - v, 2*s = -0*h - h + 67. What is the tens digit of h?
6
Suppose w + 40 = -3*w - 4*g, -5*w = -3*g + 18. What is the tens digit of 6/(-9)*(w + (-262 - -7))?
7
Suppose 181 = 8*b - 75. Suppose 3*k + 33 = 3*m, m - 23 = 2*k - 4*k. Let g = b - m. What is the tens digit of g?
1
Let y be 8568/(-27) - ((-14)/6 + 2). Let i = y - -860. Suppose -9*u + 6*u + i = 0. What is the hundreds digit of u?
1
Let g = 395 - 150. Suppose -3*u + g = 4*v, 0 = 5*u - 4*v - 313 - 138. What is the tens digit of u?
8
Let h = -278 - 68. Let x = 12 - h. What is the units digit of x?
8
Suppose -4*l - 51560 = -6*j + 3*j, -l - 5 = 0. What is the thousands digit of j?
7
Let f(j) be the second derivative of j**6/24 - j**5/40 - j**4/24 + 11*j**3/6 + 25*j. Let o(y) be the second derivative of f(y). What is the tens digit of o(-4)?
5
Suppose 0 = -2*q + 2*m + 2660, -5*q - 2*m + 6*m + 6650 = 0. Suppose 563 + q = 3*l. Suppose -5*r + l = -294. What is the tens digit of r?
8
Let a(x) = -16*x**2 - 3. Let s be a(2). Let i = -65 - s. Suppose 4*t + 3*n - 16 = 39, -t = i*n - 15. What is the tens digit of t?
1
Let u be (2 - 44)*62*(-4)/(-16). Let d = 302 - u. What is the hundreds digit of d?
9
Suppose 20*v - 4207 - 4735 = 5958. What is the units digit of v?
5
Let d(x) be the third derivative of -19*x**4/8 + 44*x**3/3 - 91*x**2. What is the hundreds digit of d(-8)?
5
Suppose 16*q = 13*q + 33. Let m(c) = -c**3 + 16*c**2 - 6*c - 24. Let o be m(q). Let h = o + -329. What is the units digit of h?
6
Let m = -150 + 306. Suppose 154*n = m*n - 1202. What is the units digit of n?
1
Let y(c) = 2 + 6 - 11*c + 5*c + 2*c. Let l be y(2). Suppose -2*a + 10 + 160 = l. What is the tens digit of a?
8
Let m(g) = 2*g**2 + 8*g - 6. Let o be m(-5). Let a be (-2)/(1/4 - (-3)/o). What is the units digit of (1 + -3)*(-9 + a)?
2
Let a(o) be the second derivative of o**5/20 - o**4/6 + 7*o**2/2 + 17*o. Let k be a(3). Let x(m) = m**2 - 11*m + 5. What is the tens digit of x(k)?
8
What is the units digit of 9 - 10 - -33704 - 6/(-2)?
6
Let v(z) = 6*z + 5. Let c be v(0). Suppose 1348 = c*n + 5*i - 407, -6 = -2*i. What is the tens digit of n?
4
Suppose -1164 = 3*l + 2*v - 38388, l = -6*v + 12456. What is the hundreds digit of l?
4
Suppose y + 3*y = 3*q - 8, 0 = y + 2*q - 9. What is the tens digit of 396*(8 - 9)*y/(-1)?
9
Let d = 18 + -18. Let j be (2/8 + d)*(-20)/(-5). What is the hundreds digit of 4*27 + j + (1 - 3)?
1
Let n(i) = -2*i**3 + 4*i**2 + 4*i - 89. Let j be n(8). Let t = j - -1298. What is the hundreds digit of t?
4
Let q = 61 - 45. Suppose q = y + 4*l, 0 = -2*l - 0*l + 6. Suppose -4*a - p = -225, y*a + 0*p = 5*p + 195. What is the tens digit of a?
5
Let g be (-1)/(-1) - (4 + 65/(-13)). Suppose 2*c + 3*w = 3*c - 499, -998 = -2*c + g*w. What is the units digit of c?
9
Let z be 99 + (-2)/1 + 1. Let h = 163 - z. Suppose 20*j = 15*j + h. What is the tens digit of j?
1
Let k(j) = -j**3 + 51*j**2 + 272*j - 169. What is the ten thousands digit of k(52)?
1
Suppose 2*y - 10 = -2. Suppose 2*f - 3*v = y*f + 438, -5*f + 5*v - 1045 = 0. Let q = f + 307. What is the units digit of q?
4
Let b(w) = 2590*w - 27. Let r be b(1). Suppose -n + 2442 + 1831 = 5*c, 3*c = -n + r. What is the hundreds digit of c?
8
Let o be 2*-2*(-6)/8. Suppose 0*v - 2*v + o*u = 53, -v - 9 = 2*u. Let k = 39 + v. What is the units digit of k?
0
Let h = -313 + 681. Suppose -3*t - 2*t - 4*q = 376, 2*q = -5*t - h. Let l = 109 + t. What is the units digit of l?
7
Let a = 350 - 492. Let t = a - -168. What is the tens digit of t?
2
Let g be 0 + (-20)/(-5) + -1. Suppose -d = -g*d + 368. What is the tens digit of d?
8
Suppose 33*s - 748410 = -36*s + 4*s. What is the tens digit of s?
1
Let s(o) be the first derivative of 2*o**3/3 - o**2/2 - 3*o + 13. Let r be s(2). Suppose -3*x + 2*k + 349 = -2*k, -3*k = r. What is the units digit of x?
5
Suppose 5*x - 3*b - 29326 = 0, 8*b - 17594 = -3*x + 9*b. What is the thousands digit of x?
5
What is the hundreds digit of ((-5384)/12)/((3/(-216))/((-2)/(-4)))?
1
Let z be (2 + -6)*16/64. What is the units digit of 3144/5 + -5 + z/(-5)?
4
Suppose -5*t - 2*x - 350 = 0, 0 = t + t - 2*x + 126. What is the units digit of (-38403)/t + 1/4?
5
Let h(b) = b**3 + 5*b**2 + 3*b - 44. Let u be h(-8). Let i = -247 - u. What is the tens digit of i?
1
Let r(f) = -1 + 2 - 29*f + 1. Let u be -37 - -48 - (12 - -2). What is the tens digit of r(u)?
8
What is the thousands digit of -3 - (33/(-110)*-95)/((-6)/9784)?
6
Let x = 6967 - -15265. What is the hundreds digit of x?
2
Let t be -7 - 18*3/(-6). Suppose -t*o + 3312 = 11*s - 12*s, 5*s + 1674 = o. What is the units digit of o?
4
Let q(x) = -6*x + 45. Let g be q(7). Suppose -5*m = -2*t - 17, 0 = g*t + 3*m - 1 + 16. Let z(y) = -9*y - 31. What is the tens digit of z(t)?
2
Suppose 7*v + 22 = -20. What is the units digit of v*(-2)/(16/292)?
9
Let l(y) = 315*y + 2. Let n be l(2). Let c(i) = -38*i - 640. Let q be c(-19). Suppose -q*w - n = -86*w. What is the units digit of w?
8
Suppose 11*x - 7498 = 4228. Let i = x + -688. What is the tens digit of i?
7
What is the ten thousands digit of (4095/14)/13*(-304)/6*-11?
1
Let c(k) be the first derivative of k + 1/2*k**2 - 3/2*k**4 - 1/3*k**3 + 1. What is the units digit of c(-2)?
3
Suppose 5*u = -p + 12069 + 20116, -2*p + 64298 = -2*u. What is the hundreds digit of p?
